{"id":87,"date":"2017-07-11T15:33:30","date_gmt":"2017-07-11T13:33:30","guid":{"rendered":"http:\/\/charlottetolo.fr\/?page_id=87"},"modified":"2020-01-02T20:13:47","modified_gmt":"2020-01-02T19:13:47","slug":"bio","status":"publish","type":"page","link":"https:\/\/charlottetolo.fr\/?page_id=87","title":{"rendered":"Bio"},"content":{"rendered":"<p>[et_pb_section fb_built=\u00a0\u00bb1&Prime; fullwidth=\u00a0\u00bbon\u00a0\u00bb _builder_version=\u00a0\u00bb3.0.62&Prime; parallax=\u00a0\u00bbon\u00a0\u00bb][et_pb_fullwidth_slider _builder_version=\u00a0\u00bb3.0.62&Prime; custom_padding=\u00a0\u00bb500px|||\u00a0\u00bb custom_padding_tablet=\u00a0\u00bb|||\u00a0\u00bb custom_padding_phone=\u00a0\u00bb|||\u00a0\u00bb top_padding=\u00a0\u00bb500px\u00a0\u00bb remove_inner_shadow=\u00a0\u00bboff\u00a0\u00bb hide_content_on_mobile=\u00a0\u00bboff\u00a0\u00bb hide_cta_on_mobile=\u00a0\u00bboff\u00a0\u00bb][et_pb_slide use_bg_overlay=\u00a0\u00bboff\u00a0\u00bb use_text_overlay=\u00a0\u00bboff\u00a0\u00bb _builder_version=\u00a0\u00bb3.0.47&Prime; header_font=\u00a0\u00bb||||\u00a0\u00bb body_font=\u00a0\u00bb||||\u00a0\u00bb background_image=\u00a0\u00bbhttp:\/\/charlottetolo.fr\/wp-content\/uploads\/2017\/07\/IMG_20160901_203149.jpg\u00a0\u00bb parallax=\u00a0\u00bbon\u00a0\u00bb parallax_method=\u00a0\u00bboff\u00a0\u00bb custom_button=\u00a0\u00bboff\u00a0\u00bb button_icon_placement=\u00a0\u00bbright\u00a0\u00bb button_on_hover=\u00a0\u00bbon\u00a0\u00bb][\/et_pb_slide][\/et_pb_fullwidth_slider][\/et_pb_section][et_pb_section fb_built=\u00a0\u00bb1&Prime; _builder_version=\u00a0\u00bb3.0.62&Prime;][et_pb_row _builder_version=\u00a0\u00bb3.0.62&Prime;][et_pb_column type=\u00a0\u00bb4_4&Prime; _builder_version=\u00a0\u00bb3.0.47&Prime; parallax=\u00a0\u00bboff\u00a0\u00bb parallax_method=\u00a0\u00bbon\u00a0\u00bb][et_pb_text _builder_version=\u00a0\u00bb3.0.93&Prime;]<\/p>\n<p><strong>Qui je suis\u00a0!<\/strong><\/p>\n<div class=\"one_half\">\n<p style=\"text-align: justify;\">Je me passionne depuis toute jeune pour les pratiques physiques et artistiques\u00a0! Enfant d\u00e9j\u00e0, je pratique la gymnastique puis la danse modern jazz.<\/p>\n<p style=\"text-align: justify;\">Autour de 20 ans, je d\u00e9couvre les arts du spectacle \u00e0 Chalon dans la Rue\u00a0: le cirque, la danse, le th\u00e9\u00e2tre font irruption dans ma vie\u00a0! Je m\u2019essaie au cirque, acrobaties et jonglage en particulier, avant de pratiquer plus intens\u00e9ment la danse et le clown.<\/p>\n<p>Apr\u00e8s des heures de stage et de pratique amateur, je d\u00e9cide m\u00eame \u00e0 30 ans, de m\u2019inscrire \u00e0 la formation professionnelle de l\u2019\u00e9cole du Samovar, deux ann\u00e9es intense sur les bancs d\u2019une \u00e9cole de clowns\u00a0! Quelle chance\u00a0!<\/p>\n<\/div>\n<div class=\"one_half et_column_last\">\n<p style=\"text-align: justify;\">Le yoga arrive plus tard, d\u2019abord dans les livres, intrigu\u00e9e par des lectures philosophiques et spirituelles. En 2011, la lecture du \u00ab\u00a0Pouvoir du Moment Pr\u00e9sent\u00a0\u00bb de E.Tolle, me donne envie de participer \u00e0 une retraite de m\u00e9ditation silencieuse.<\/p>\n<p style=\"text-align: justify;\">C\u2019est en 2013, que j\u2019assiste \u00e0 mon premier cours de yoga. Cette s\u00e9ance m&rsquo;apparait comme une \u00e9vidence et me donne l\u2019envie de pratiquer r\u00e9guli\u00e8rement et de d\u00e9couvrir la richesse derri\u00e8re ce petit Mot de 4 lettres\u00a0!\u00a0<span style=\"font-size: 14px; text-align: left;\">Deux ann\u00e9es de pratique m\u2019am\u00e8nent \u00e0 consid\u00e9rer cette discipline comme au centre de ma vie.<\/span><\/p>\n<p>En 2015, je d\u00e9cide de me former aupr\u00e8s de Balance Zone en Hatha et Vinyasa yoga. Dipl\u00f4m\u00e9e, je continue de me former aupr\u00e8s de plusieurs yogis, en France et en Inde.<\/p>\n<\/div>\n<p>[\/et_pb_text][\/et_pb_column][\/et_pb_row][\/et_pb_section][et_pb_section fb_built=\u00a0\u00bb1&Prime; background_color=\u00a0\u00bb#0c71c3&Prime; _builder_version=\u00a0\u00bb3.0.93&Prime;][et_pb_row _builder_version=\u00a0\u00bb3.0.47&Prime; background_size=\u00a0\u00bbinitial\u00a0\u00bb background_position=\u00a0\u00bbtop_left\u00a0\u00bb background_repeat=\u00a0\u00bbrepeat\u00a0\u00bb][et_pb_column type=\u00a0\u00bb4_4&Prime; _builder_version=\u00a0\u00bb3.0.47&Prime; parallax=\u00a0\u00bboff\u00a0\u00bb parallax_method=\u00a0\u00bbon\u00a0\u00bb][et_pb_text background_layout=\u00a0\u00bbdark\u00a0\u00bb _builder_version=\u00a0\u00bb3.0.93&Prime;]<strong>Les massages&#8230;<\/strong><\/p>\n<p style=\"text-align: justify;\">Je peux dire que j\u2019ai toujours aim\u00e9 masser et \u00eatre mass\u00e9e !<\/p>\n<p style=\"text-align: justify;\">En 2011, je d\u00e9couvre et commence \u00e0 pratiquer la\u00a0Danse Contact Improvisation, une discipline qui correspond parfaitement \u00e0 mon caract\u00e8re sportif et joueur.<\/p>\n<p style=\"text-align: justify;\">C&rsquo;en me rendant r\u00e9guli\u00e8rement \u00e0 des jams, bals ouverts \u00e0 tous, que je rencontre et me lie avec des masseurs ; et affine ma connaissance et mon int\u00e9r\u00eat pour le corps et ses possibles, l&rsquo;anatomie, et explore le fait de donner et recevoir des massages.<\/p>\n<p style=\"text-align: justify;\">En 2013, je fais ma premi\u00e8re formation de massage aupr\u00e8s de Terre Tactile, et anime des sessions de massage assis \u00e0 la Basilique du Sacr\u00e9 coeur au printemps et durant l&rsquo;\u00e9t\u00e9.<\/p>\n<p style=\"text-align: justify;\">Puis plus r\u00e9cemment, durant l&rsquo;\u00e9t\u00e9 2017, alors que j&rsquo;enseigne le yoga, je m&rsquo;int\u00e9resse au massage et rencontre le centre Yogsansara \u00e0 Paris. Rajeev, yogi et masseur indien, son fondateur, m&rsquo;inspire confiance et je d\u00e9cide de suivre plusieurs de leurs formations, notamment le massage Abhyanga (\u00e0 l&rsquo;huile en sanskrit), le Shiro (t\u00eate en sanskrit) massage assis et le Yoga massage. Ce dernier \u00e9tant l&rsquo;anc\u00eatre du Thai massage, je viens naturellement \u00e0 m&rsquo;int\u00e9resser \u00e0 ce massage et m&rsquo;inscris d&rsquo;abord \u00e0 une formation en Normandie aupr\u00e8s de l&rsquo;association Ab\u00e9lia, avant de rencontrer et me former avec Na, masseur qui pratique et se forme en Tha\u00eflande depuis une dizaine d&rsquo;ann\u00e9es.<\/p>\n<p>[\/et_pb_text][\/et_pb_column][\/et_pb_row][\/et_pb_section]<\/p>\n","protected":false},"excerpt":{"rendered":"<p>Qui je suis\u00a0! Je me passionne depuis toute jeune pour les pratiques physiques et artistiques\u00a0! Enfant d\u00e9j\u00e0, je pratique la gymnastique puis la danse modern jazz. Autour de 20 ans, je d\u00e9couvre les arts du spectacle \u00e0 Chalon dans la Rue\u00a0: le cirque, la danse, le th\u00e9\u00e2tre font irruption dans ma vie\u00a0! Je m\u2019essaie au [&hellip;]<\/p>\n","protected":false},"author":1,"featured_media":0,"parent":0,"menu_order":4,"comment_status":"closed","ping_status":"closed","template":"","meta":{"_et_pb_use_builder":"on","_et_pb_old_content":"<p>[et_pb_section bb_built=\"1\"][et_pb_row][\/et_pb_row][\/et_pb_section]<\/p>","_et_gb_content_width":""},"_links":{"self":[{"href":"https:\/\/charlottetolo.fr\/index.php?rest_route=\/wp\/v2\/pages\/87"}],"collection":[{"href":"https:\/\/charlottetolo.fr\/index.php?rest_route=\/wp\/v2\/pages"}],"about":[{"href":"https:\/\/charlottetolo.fr\/index.php?rest_route=\/wp\/v2\/types\/page"}],"author":[{"embeddable":true,"href":"https:\/\/charlottetolo.fr\/index.php?rest_route=\/wp\/v2\/users\/1"}],"replies":[{"embeddable":true,"href":"https:\/\/charlottetolo.fr\/index.php?rest_route=%2Fwp%2Fv2%2Fcomments&post=87"}],"version-history":[{"count":21,"href":"https:\/\/charlottetolo.fr\/index.php?rest_route=\/wp\/v2\/pages\/87\/revisions"}],"predecessor-version":[{"id":650,"href":"https:\/\/charlottetolo.fr\/index.php?rest_route=\/wp\/v2\/pages\/87\/revisions\/650"}],"wp:attachment":[{"href":"https:\/\/charlottetolo.fr\/index.php?rest_route=%2Fwp%2Fv2%2Fmedia&parent=87"}],"curies":[{"name":"wp","href":"https:\/\/api.w.org\/{rel}","templated":true}]}}